4
In base 14, what is 10 + 244d?
245d
In base 15, what is 65 - 3328?
-32b3
In base 8, what is -5313 - 6?
-5321
In base 8, what is -277 + 2631?
2332
In base 7, what is -26 - -55254?
55225
In base 4, what is -32 + 11221210?
11221112
In base 2, what is 101101111001 - -11110?
101110010111
In base 8, what is -421 - 615?
-1236
In base 9, what is 25 - -35415?
35441
In base 10, what is -2129 + 15?
-2114
In base 9, what is 20626 - 11?
20615
In base 3, what is -1022002 - 112101?
-1211110
In base 11, what is 26a014 - -1?
26a015
In base 12, what is -20 - -61ab?
618b
In base 3, what is 10 + -200111112?
-200111102
In base 11, what is 0 + -190373?
-190373
In base 15, what is 43 - -273d?
2781
In base 16, what is 1b9 - 1d7c?
-1bc3
In base 3, what is 12010210 - 20121?
11220012
In base 12, what is -b6 - -844?
74a
In base 8, what is -64052 + -23?
-64075
In base 12, what is -2a7 - -6b1?
406
In base 5, what is 1232 - 32232?
-31000
In base 15, what is 239 + -15?
224
In base 8, what is 2 + -6556652?
-6556650
In base 7, what is 523 + 35?
561
In base 4, what is -10303 - -1303323?
1233020
In base 13, what is 5 + 7417?
741c
In base 10, what is 715 - 48?
667
In base 6, what is -3 + 111132?
111125
In base 7, what is 2 + -6535?
-6533
In base 6, what is 343 - -513?
1300
In base 3, what is -220 - -2022122?
2021202
In base 7, what is 21033 - -46?
21112
In base 14, what is 4 + 68bcb?
68bd1
In base 9, what is -11238 - 0?
-11238
In base 6, what is -14501214 - -2?
-14501212
In base 15, what is 50 + c0e?
c5e
In base 2, what is 111110100001011101 - 1?
111110100001011100
In base 15, what is a204 - -3?
a207
In base 4, what is -10 - -333223?
333213
In base 2, what is -1001000000 + 1110101?
-111001011
In base 11, what is -8524a + 4?
-85246
In base 14, what is 1 - -4522?
4523
In base 4, what is 11 + -102332011?
-102332000
In base 10, what is -15 - -30063?
30048
In base 5, what is 3212 - 14342?
-11130
In base 11, what is 2 + 2030?
2032
In base 12, what is -1a94 + 10?
-1a84
In base 11, what is 3 - 8976?
-8973
In base 14, what is -b1 + 721?
650
In base 6, what is 113225215 - -1?
113225220
In base 5, what is -13044 + -441?
-14040
In base 13, what is 1525 - 13?
1512
In base 10, what is -725 - 16?
-741
In base 14, what is -18c7 + -12?
-18d9
In base 4, what is -1 - -32222?
32221
In base 13, what is 84 + -b75?
-ac1
In base 10, what is -12295 - -45?
-12250
In base 3, what is 120022110112 + 12?
120022110201
In base 13, what is -8 - 1761?
-1769
In base 14, what is -1 + a623?
a622
In base 4, what is -23012013 - -3?
-23012010
In base 11, what is 0 - 31912?
-31912
In base 12, what is b29 + -10?
b19
In base 15, what is 3 - 90957?
-90954
In base 14, what is -8254 - 3?
-8257
In base 6, what is -33 - -140301?
140224
In base 7, what is 32553 + 0?
32553
In base 2, what is 11 + -10100000000101?
-10100000000010
In base 6, what is -1522 - 144?
-2110
In base 16, what is -3c + 57?
1b
In base 10, what is 43 - -17323?
17366
In base 10, what is 282 + -2139?
-1857
In base 12, what is 2 + -19123?
-19121
In base 5, what is 132 + 113323?
114010
In base 7, what is -122 + -615045?
-615200
In base 14, what is -a645 + -3?
-a648
In base 13, what is -c - 9c85?
-9c94
In base 14, what is 4 + -37d8?
-37d4
In base 12, what is 12b + -887?
-758
In base 8, what is 11 + -12276?
-12265
In base 2, what is 1111011111101100001000 + 0?
1111011111101100001000
In base 7, what is 1212 - -2211?
3423
In base 3, what is -12112200 + -2002?
-12121202
In base 8, what is -116247 + -7?
-116256
In base 3, what is 2 - -211100?
211102
In base 3, what is -121020 - 10210101?
-11101121
In base 10, what is 12132 + 10?
12142
In base 9, what is -143635 - -3?
-143632
In base 7, what is -11463 - -3?
-11460
In base 9, what is 1 - 186588?
-186587
In base 13, what is -22 - 16c1?
-1713
In base 2, what is -111100010000110111110 - 11?
-111100010000111000001
In base 14, what is -10 + 2b92?
2b82
In base 13, what is 4 + -48986?
-48982
In base 4, what is -100 + -32003?
-32103
In base 3, what is 1000210111122 + 11?
1000210111210
In base 12, what is -22ba - 66?
-2364
In base 4, what is 3 - 11211030?
-11211021
In base 16, what is -4caf + 38?
-4c77
In base 9, what is -2 + 75612?
75610
In base 9, what is -7861 - -74?
-7776
In base 3, what is 2 + -102211101?
-102211022
In base 4, what is 12003 + -23?
11320
In base 16, what is 24e + -6?
248
In base 9, what is -4 - 33505?
-33510
In base 15, what is -7 - -11ecd?
11ec6
In base 12, what is 522 - 2170?
-184a
In base 7, what is -101550 - 53?
-101633
In base 3, what is -21200 + -1200?
-100100
In base 11, what is 23 + 194?
207
In base 4, what is 3 - 130303201?
-130303132
In base 10, what is -316248 - -14?
-316234
In base 16, what is -8df + -2a?
-909
In base 6, what is -1052 - -1010?
-42
In base 9, what is 1146 + 10?
1156
In base 4, what is -10110123 - 2?
-10110131
In base 7, what is -154342 + 4?
-154335
In base 4, what is 100 + -11102121?
-11102021
In base 6, what is -114355 + 24?
-114331
In base 9, what is -2885 + 531?
-2354
In base 16, what is 27dc5 - 1?
27dc4
In base 11, what is -2252 - -2?
-2250
In base 12, what is -29b079 - -3?
-29b076
In base 11, what is 6 - 29a05?
-299aa
In base 10, what is 27 + 3705?
3732
In base 6, what is 121120244 + 0?
121120244
In base 8, what is 11622424 + -5?
11622417
In base 5, what is 33444 - 210?
33234
In base 9, what is -227165 + 0?
-227165
In base 6, what is 124 + 3532?
4100
In base 12, what is -34 - -2984b?
29817
In base 13, what is -5 - -140aa1?
140a99
In base 16, what is -8e31 + 3?
-8e2e
In base 4, what is 2001 + -1301123?
-1233122
In base 7, what is 5 + 2116510?
2116515
In base 3, what is 10201 - 1112122?
-1101221
In base 14, what is 25 - 3aa?
-385
In base 12, what is 4 - -22a91?
22a95
In base 6, what is 2 + -321101?
-321055
In base 12, what is 1 - 4324?
-4323
In base 16, what is 1 - -22de?
22df
In base 6, what is -33 + -1122?
-1155
In base 7, what is -3 + 1155?
1152
In base 4, what is 12130 - -1032?
13222
In base 16, what is -1a - 48?
-62
In base 7, what is 0 - -4606622?
4606622
In base 15, what is 2 + 132e27?
132e29
In base 3, what is -12 + 110110100?
110110011
In base 9, what is 3734637 - -3?
3734641
In base 7, what is 1633 - 211?
1422
In base 6, what is 2 + -33253?
-33251
In base 3, what is -222 + -120221?
-121220
In base 11, what is -1585 - 11?
-1596
In base 15, what is -5 + 4134d?
41348
In base 12, what is 1b + 104?
123
In base 3, what is 1000002020120 + -2?
1000002020111
In base 6, what is -103 + 111124?
111021
In base 6, what is -5 + 13124511?
13124502
In base 16, what is -4 - 8c63f?
-8c643
In base 4, what is -2110001 - -2033?
-2101302
In base 7, what is 2132340 + -4?
2132333
In base 4, what is 12 - 33012303?
-33012231
In base 7, what is -2 - 250665?
-251000
In base 16, what is -49 + 5aa2?
5a59
In base 9, what is 2 - -177556?
177558
In base 4, what is 20122231 + -310?
20121321
In base 14, what is -2b2 - -ac?
-204
In base 13, what is -101 + 38?
-96
In base 3, what is -1101001001222 - -1?
-1101001001221
In base 12, what is -3 - -1a493?
1a490
In base 16, what is -540b - 4?
-540f
In base 12, what is -1 + -35a10?
-35a11
In base 6, what is -543 - 44044?
-45031
In base 2, what is -101 - 1001000001110100?
-1001000001111001
In base 10, what is -8457 - 75?
-8532
In base 5, what is -3 + 402441?
402433
In base 16, what is 2da - 8d6?
-5fc
In base 6, what is -4401 + -423?
-5224
In base 7, what is -1 - 415010?
-415011
In base 8, what is -3411235 - 5?
-3411242
In base 12, what is 895a + -43?
8917
In base 5, what is 24 - -20201?
20230
In base 6, what is 1043211 + 1?
1043212
In base 14, what is 61c - 568?
94
In base 9, what is 155 - 3161?
-3005
In base 15, what is 2 - 30d0?
-30cd
In base 8, what is -17436 + -134?
-17572
In base 15, what is -1d16 + 20?
-1ce6
In base 9, what is 2 + -44670?
-44667
In base 9, what is -14471 + 53?
-14417
In base 6, what is -42515 + -3?
-42522
In base 16, what is 12496 + 2?
12498
In base 2, what is 10100100 - 101110?
1110110
In base 8, what is -25 + 27147?
27122
In base 15, what is 88 - -e5c?
ee5
In base 6, what is -2500410 + 1?
-2500405
In base 11, what is 775 - 22?
753
In base 6, what is -43101 + -34?
-43135
In base 2, what is -100 + -111010101111001?
-111010101111101
In base 9, what is -11 + -4435?
-4446
In base 5, what is 34 + 241020?
241104
In base 13, what is -80 + 